 4*j - 653 = 5*g. What is the hundreds digit of j?
1
Suppose 2*k + 7 = 5*f, k + f = -2*f + 2. Let h be k/(1/(-3 + 1)). What is the units digit of 6 - h/1 - 2?
2
Suppose 6*i = 18 - 6. Let w(p) = -5*p**3 + 5*p - 2. Let j(m) = -4*m**3 + 4*m - 1. Let o(a) = -3*j(a) + 2*w(a). What is the tens digit of o(i)?
1
Suppose 0 = x + 7 - 102. What is the units digit of x?
5
Let b(q) be the second derivative of -q**7/2520 - q**6/144 - q**4/6 - q. Let h(g) be the third derivative of b(g). What is the units digit of h(-3)?
6
Let b be ((-39)/(-21) - 1)*7. Let v = b - 4. Suppose -v*d = -2*p + 16, -22 = -3*p - 3*d - 4. What is the units digit of p?
7
Suppose 6 - 73 = -u. What is the tens digit of u?
6
Let m(c) be the second derivative of -c**4/12 - 4*c**3/3 + 11*c**2/2 - 4*c. What is the tens digit of m(-7)?
1
Let n be (-1)/(-4) + (-9)/4. What is the units digit of n/6*(-36)/6?
2
Let v be ((-1)/3)/(2/(-6)). What is the units digit of 0 - (-3 - 30) - v?
2
Suppose -a + 4 = j, -a + 0*a + 2*j = 8. Suppose -2*o - 2*o + 24 = a. Let x = o + 2. What is the units digit of x?
8
Suppose 0 = y - 5, 6*o + 3*y - 775 = o. What is the tens digit of o?
5
Suppose 2*s - 5*h = 29, -8 = -3*s + h + 29. What is the units digit of s?
2
Let j(o) = o**2 - o. Suppose 2 + 3 = -5*b. Let d be j(b). Suppose d*r - 16 = -0*r. What is the units digit of r?
8
Suppose 3*v - 100 - 65 = -3*x, 5*v = -4*x + 221. Let y = -31 + x. What is the units digit of y?
3
Let f(k) = k**2 - 3*k - 2. Let h(v) = -2*v**2 + 2*v + 2. Let j(d) = -3*f(d) - 2*h(d). What is the units digit of j(-8)?
6
Suppose -2*f + 134 = 2*z, 0 = 5*f - 5*z - 64 - 281. What is the units digit of f?
8
Suppose 1 - 5 = -2*k. Suppose 3*o + 2*h - 49 = 0, 0 = -4*o + k*h - 4*h + 62. What is the tens digit of o?
1
Suppose 0 = p + 5*o - 70, -197 = -5*p - 3*o + 197. What is the tens digit of p?
8
Let n(l) = -l**3 + 6*l**2 + 14*l - 9. What is the units digit of n(5)?
6
What is the tens digit of 4/(-6) - (-321)/9?
3
Let l(r) = 2*r**2 - 7*r - 10. What is the tens digit of l(-4)?
5
Suppose -2*m - 2*m = 0. Let t be 2/8*(4 + m). Let d(f) = 9*f - 1. What is the units digit of d(t)?
8
Let l(k) = k - 4 - k - 4*k. Let c(d) = -d + 1. Let m(g) = 3*c(g) - l(g). What is the units digit of m(0)?
7
Let o(t) = 6*t - 1. Let y be o(3). Suppose -3*a = 4*r - y, 0 = -2*a - 3*r + 13. What is the units digit of 3/((a - 2)/(-3))?
3
Suppose 3*z = 5*m - 51, 3*z - 4*z = 4*m. Let s = z - -2. Let c = -6 - s. What is the units digit of c?
4
Suppose 5*v = 2*v + 51. What is the tens digit of v?
1
Suppose 0*r + r = -2*j + 19, j - 5 = r. Let y be (-6)/8*-1*4. Suppose 5*t = g + j, -y*g + 1 = 2*t - 9. What is the units digit of g?
2
Suppose f + 76 = 4*f - 4*u, -4*u - 116 = -5*f. What is the tens digit of f?
2
Let d(r) = r**2 + 8. Let y be d(0). Let w = 11 - y. Suppose -4*m + 3*m = -w. What is the units digit of m?
3
Let m be (-1 - 7)*2/(-4). Let v = 18 - m. What is the units digit of v?
4
Let x be 3/(11/(-8) - -1). What is the tens digit of (7 - x) + -2 + 1?
1
Let z be (-8)/(-12)*(-1 - 11). Let u(t) = -t**2 - 10*t. What is the tens digit of u(z)?
1
Suppose 3*z + 4*k - 11 = 0, 0 = -z - 5*k + 9 + 13. Let c = 22 - z. What is the tens digit of c?
2
Let a(y) = -5*y + 1. Suppose -2 + 3 = -z. What is the units digit of a(z)?
6
Let l be (0 - 3) + 12 + -2. Suppose -3*f = s + 9, -s - 2*f - l = -f. Let v(k) = k**2 + 3*k - 8. What is the units digit of v(s)?
0
Let t = -48 - -99. What is the tens digit of t?
5
Let z be (1/(-2))/((-1)/10). Suppose 3*k - y + 57 = z*k, 4*y + 136 = 5*k. What is the tens digit of k?
2
Suppose 0 = -3*k - l - 32, k - 4*l = -3 + 1. Let r = 10 + -9. What is the units digit of (k/6)/(r/(-3))?
5
Let w(p) = -p**3 + 7*p**2 - 1. What is the tens digit of w(6)?
3
Let y = 21 + -18. Suppose 0 = 2*l + q - 49, 2*l - y*l - 5*q + 29 = 0. What is the units digit of l?
4
Let v(s) = 4*s - 7. Let j be v(5). Suppose 0 = -2*w - 4*c - 1 - 35, w + 3*c = -j. Let q = 43 + w. What is the units digit of q?
5
Suppose 17 = q - 13. What is the tens digit of q?
3
Suppose 2*r = 4*h - 14, 5 = -3*h + h - 3*r. Suppose h*k = -10 + 2. Let x = k - -5. What is the units digit of x?
1
Let p = -6 + 39. Let r = -13 + p. What is the tens digit of r?
2
Suppose 4*c + 5*q + 47 = 6*c, 0 = 5*c + q - 185. What is the units digit of c?
6
Let w = 10 - 15. Let p(d) = d**2 + 3*d + 4. What is the units digit of p(w)?
4
Suppose w = -0*w + 60. What is the tens digit of w?
6
Let l(f) = -10*f**2 + 5*f**2 - f**3 - 4*f + 0 + 2. What is the units digit of l(-4)?
2
What is the units digit of ((-40)/(-15))/((-4)/(-42))?
8
Suppose 26 = 2*j + q - 6*q, 0 = -j - 3*q - 9. Suppose 5*t + j = 2*t. What is the units digit of ((-36)/8)/(t/4)?
8
Let f be (2/5)/(12/120). Let h(i) = -i**3 + 5*i**2 + i - 4. What is the tens digit of h(f)?
1
What is the tens digit of ((-10)/(-20))/((-619)/310 + 2)?
5
Let j(w) = -31*w - 3. Let r(q) = 30*q + 3. Let v(k) = 5*j(k) + 6*r(k). Let z be v(-2). Let f = z + 66. What is the units digit of f?
9
Let n = -24 - -49. Suppose -w = 5*p - n, 2*w + 20 = -w + 4*p. Suppose w = -2*c + 7*c + 2*x - 46, 0 = 2*c - 4*x - 28. What is the units digit of c?
0
Let d be (-7)/(-9) - (-2)/9. Suppose -a + 2 = -d. Let o = a - 1. What is the units digit of o?
2
Suppose 11*d = 10*d + 34. Let c(w) = -w**2 - 6*w - 5. Let q be c(-4). Suppose -q*l + d = 4. What is the units digit of l?
0
Suppose 3*a + 0*a - 6 = 0. Let i be (3/2)/(1/a). What is the units digit of (0 + -2)*(-3)/i?
2
Suppose -2*c - 20 - 8 = -2*g, 0 = 2*g - 4*c - 36. Suppose -4*l + 0*l = 4*u + 8, -5*l + g = -5*u. Let q(x) = -2*x**3 - x**2. What is the tens digit of q(u)?
1
Let p = 36 + -20. What is the tens digit of p?
1
Let d(b) = -2*b**3 - 10*b**2 - 9*b - 1. Let h(f) = -2*f**2 - 3*f**3 + 4*f + 4*f**3 + 7*f**2. Let y(m) = 2*d(m) + 5*h(m). What is the units digit of y(-4)?
6
Let u = 65 - 43. What is the tens digit of u?
2
Suppose 0 = 8*s - 3*s - 105. What is the tens digit of s?
2
Let q = 11 + 25. What is the units digit of q?
6
Suppose -2*o - 3*o + 9 = c, -c + 4*o = 0. Suppose c*z = 50 + 10. What is the units digit of ((-4)/(-10))/(6/z)?
1
Suppose 3*b + 7 = 4*w - 3, -2*w = 4. Let s(l) = -l**2 - 8*l - 2. What is the tens digit of s(b)?
1
Let w(i) = 11*i - 6. What is the units digit of w(4)?
8
Let w(b) = b**3 - b**2 - 4*b. Let t be w(3). Let j be (-16)/(-9) + (-2)/(-9). Suppose -4*u = -4, -g + j*u = -u - t. What is the units digit of g?
9
Let p(r) = 15*r**3 + r**2 + r - 1. Let z be p(1). What is the units digit of (-4)/z - (-303)/12?
5
Let y be (-1)/4 + (-18)/(-8). Suppose -3 = r + 2*k - 9, -5*k = r - 12. Suppose -r = -h + y. What is the units digit of h?
4
Let r(g) = 2*g**2 + 4*g + 2. Let q be 9/(-3 - 0) - -1. Let y be r(q). Suppose w = s + 6, 2*w + s - y*s - 8 = 0. What is the units digit of w?
2
Suppose 4*u = -0*c + 4*c + 12, 0 = 5*u + 4*c - 6. Suppose k - 23 = 5*z, u*z + 1 = -2*k - 1. Let v = 5 - z. What is the units digit of v?
9
Let j(t) = -t - 3. Let m be j(-8). Let q = m + -1. What is the units digit of q?
4
Let c(q) = 4*q**2 + 4*q + 20. What is the units digit of c(6)?
8
Let m(j) = -j. Let s(y) = -y**2 - 8*y + 11. Let l be s(-10). What is the units digit of m(l)?
9
Let f(i) = -3*i**3 - 3*i**2 - 4*i + 1. Let x be f(-2). Let s = -16 + x. What is the units digit of s?
5
Suppose 0 = -5*q + 5 - 35. What is the units digit of ((-27)/(-12))/(q/(-16))?
6
Let h(t) = 29*t - 47. What is the tens digit of h(8)?
8
Let o = -46 + 49. What is the units digit of o?
3
Let u be 4/(1 - (1 - 2)). Let s(x) = x**2 - 3 - x + u*x + 1. What is the units digit of s(2)?
4
Let n(w) = w**2 - 4*w + 5. Let b be n(4). Suppose -2*s + 61 = b*c, 4*c + s = 3*s + 38. Suppose 5*o - 4 = c. What is the units digit of o?
3
Suppose 6 + 2 = 4*s, -106 = -2*u + 2*s. What is the tens digit of u?
5
Suppose 0 = 2*s - 3 + 5. What is the tens digit of s - (-24)/(-9)*-6?
1
Suppose 2 = -c + d, -2*c + 0 = -d + 2. Suppose -5*v - 12 = -2*v - 3*o, -4*v - 2*o + 14 = 0. Let q = c + v. What is the units digit of q?
1
What is the tens digit of (4/(-4))/((-2)/24)?
1
What is the units digit of (-726)/(-10) + (-30)/50?
2
Let w be (-1)/5 - 151/(-5). Suppose w = 5*x - 5*r, x + x - 18 = 4*r. Suppose -2*k + 45 = x. What is the units digit of k?
1
Let m = 14 - 14. Let k(c) = -c**3 + 13*c**2 - 10*c - 17. Let l be k(12). Suppose 0 = n